= 0, 5*n = -1699*i + 1704*i - 370. What is the remainder when 368 is divided by i?
72
Calculate the remainder when 2915 is divided by (-65)/(((-4935)/(-1176))/(-47)).
3
Suppose 3*a - 35889 = -4*k, 6*a - 8961 = -k + 3*a. Suppose k = -23*h + 56*h. Calculate the remainder when h is divided by 25.
22
Let d = -11 - -23. What is the remainder when (418/(-57))/(4/(-18)) is divided by d?
9
Suppose -2*k + 102 = -102. Calculate the remainder when (-7)/(-35)*32025/21 is divided by k.
101
Suppose 324 = 4*l + 2*a - 0*a, -5*l = -3*a - 383. Suppose -12*o + 13*o - l = 0. What is the remainder when o is divided by 21?
16
Suppose -3*u - u + 0*u = 0. Suppose 0*h - h + 1 = u, -5*h = y - 16. Calculate the remainder when (21/2)/(2/4) is divided by y.
10
Let m = 86 + -35. Suppose l - m = 91. Suppose -v - 191 = -4*c, -4*c + l = -c - v. What is the remainder when c is divided by 13?
10
Let g = -13327 - -13355. Calculate the remainder when 2148 is divided by g.
20
Let u = 1000 + -439. Suppose -4*g = 4*s - 5*g - u, -3*s + 5*g = -425. What is the remainder when s is divided by 71?
69
Let w(v) = -v**2 + v + 15. Suppose -4 = -4*c - 5*d + 16, -c = -2*d + 8. Let h = -2932 - -2986. What is the remainder when h is divided by w(c)?
9
Let b(f) = f**2 - f - 3. Let h be b(-2). Suppose 7*p = -h + 297. Let s = 86 - p. Calculate the remainder when s is divided by 15.
14
Suppose -10 = 5*k - 70. Let q = -79 - -90. Let o(b) = -b**2 + 14*b - 1. Calculate the remainder when o(q) is divided by k.
8
Let l(d) = -5*d**3 + 5*d**2. Let o(q) = -12*q**3 + 9*q**2 - q + 1. Let f(h) = 5*l(h) - 2*o(h). Calculate the remainder when 15 is divided by f(7).
3
Suppose -303 = 2*i + 2*n + 445, -4*i + 2*n - 1520 = 0. Let a = i - -572. Suppose f + k + 296 = 4*f, -2*f + a = k. What is the remainder when f is divided by 25?
23
Suppose 0 = 13*a - 19300 - 22092. Suppose 16*v = -0*v + a. Calculate the remainder when v is divided by 68.
63
Let g = -181 - -439. Suppose -3*k = 0, -z + 3*k + k + 13 = 0. What is the remainder when g is divided by z?
11
Calculate the remainder when ((-54)/42 - -1) + 2342/14 is divided by 11 + 5 + (1 - 3).
13
Suppose -27*l - 397 = -28*l - t, 5*l - 2035 = 5*t. What is the remainder when l is divided by 385?
17
Let x be (-36)/(-27) - 76/(-6). Let a(c) = c + 9. Suppose -5*u - 27 = -j, -15*j + 4*u = -11*j - 60. Calculate the remainder when a(x) is divided by j.
11
Suppose 0 = -0*x - 2*x + 278. Let o(d) = -184*d + 11253. Calculate the remainder when x is divided by o(61).
23
Calculate the remainder when (0 - 3) + (184 - 4) + 22 - 0 is divided by 2/(-7) - (-531)/21.
24
Let c(n) = 27*n + 23. Let m be c(-5). Let z = m + 125. Calculate the remainder when 84 is divided by z.
6
Suppose 32*q = 272*q + 125*q - 67525. Calculate the remainder when 8508 is divided by q.
183
Let s(w) = 6*w**2 + 43*w + 4. Let t be s(-6). Let n = t + 161. Calculate the remainder when n is divided by 31.
30
What is the remainder when 779 is divided by (-23016)/(-60) + 26/(-30)*3 + 2?
13
Calculate the remainder when 1696 is divided by (2366/(-13))/14 - -98.
81
Let i be 1 + 17 - (-2 + 0 + 3). Suppose 0 = -3*z - 4*w + 10, z - 1 = 2*w - w. Suppose -z*d + 43 = i. What is the remainder when 36 is divided by d?
10
What is the remainder when 68/33 - 2 - -2*(-313880)/(-528) is divided by 96?
37
Let v = -9037 + 20424. What is the remainder when v is divided by 85?
82
Let t(v) = -v**2 - 12*v + 3. Let u = 30 + -42. Let b be t(u). Suppose 3*r + 5*n = 45, -15 = -2*n - b*n. What is the remainder when 18 is divided by r?
8
Let y(p) = -p**2 - 30*p - 31. Let j be y(-23). Suppose -j = 14*w - 19*w. Calculate the remainder when 150 is divided by w.
20
Let s = -427 - -457. What is the remainder when (-9 - (-210)/20)/((-3)/(-172)) is divided by s?
26
Let v = -27 + 42. Let s(w) = w**2 - 23*w + 26. Let b be s(22). Suppose 5*f = 0, 0*z - b*z - f + 88 = 0. Calculate the remainder when z is divided by v.
7
Suppose 0 = 23*z - 43 - 72. Suppose 49 + 81 = z*y. What is the remainder when 48 is divided by y?
22
Suppose 7 = -13*y + 345. Let v(g) = -2*g**2 + 12*g - 13. Let i be v(10). Let w = i - -140. Calculate the remainder when w is divided by y.
21
Let a be 35/(-2) + 7/(70/15). Let b be (116/a + -1)/(3/16). Let x = -14 - b. Calculate the remainder when 85 is divided by x.
25
Let m = 35 - 18. Let r be (893/94)/((-1)/(-2)). Suppose 0 = r*s - 23*s + 260. Calculate the remainder when s is divided by m.
14
Suppose -4*i - 5*b = -9*i - 65, -3*b + 3 = 0. What is the remainder when 86 is divided by (-3)/i*42 + 35/14?
8
Suppose -4*p + 4*l = 68, -4*p - 4*l - 45 = 7. Suppose 11*o + 312 = -260. Let n = p - o. Calculate the remainder when n is divided by 20.
17
Suppose 4*n + 46 = 2*r, 109 = 7*r - 19*n + 18*n. Let z = 7 - 1. Suppose 4*j + z = 50. Calculate the remainder when r is divided by j.
4
Let b = -1605 + 1697. Calculate the remainder when b is divided by 12.
8
Let z(w) = w**2 - 4*w + 4. Let g be z(4). Suppose -113 - 7 = -f - g*i, 229 = 2*f - 3*i. What is the remainder when f is divided by 47?
22
Let q(f) = -6*f - 28. Let l be q(-5). Suppose 0 = 8*r + l*r - 460. Calculate the remainder when r is divided by 17.
12
Let g(n) be the first derivative of 29*n**3/3 - 6*n**2 + 18*n + 64. What is the remainder when g(2) is divided by 29?
23
Let b be (5 - (1560/(-25))/(-8))*10. Suppose 2*u = -s + 24, -s + 0*u - 4*u + 34 = 0. What is the remainder when (-1270)/(-24) - b/336 is divided by s?
11
What is the remainder when 261 is divided by 69/92 + (-77)/10*15/(-6)?
1
Suppose y = 2*r - 303, 4*r = 3*y + 913 - 312. What is the remainder when r is divided by 33?
22
Suppose 8*l + 848 - 7093 = 13675. What is the remainder when l is divided by 21?
12
Suppose -2*v - 4*w = -14, 12 = 2*w + 20. Calculate the remainder when 843 is divided by v.
3
Let g = 19948 + -19945. Let u(h) = 4*h - 13. Let p be u(9). Suppose 2*v + p - 115 = 0. What is the remainder when v is divided by g?
1
Let s be (-397 - -2)/(14/(-56)). Suppose 0 = 1573*x - s*x + 224. What is the remainder when x is divided by 8?
0
Let n = 13961 - 13766. Calculate the remainder when 1948 is divided by n.
193
Suppose -4*b - 320 = -4*t, 21*t + 313 = 25*t + 3*b. Calculate the remainder when 611 is divided by t.
58
Suppose h + 3*h - 5*v - 49 = 0, -3*h = -2*v - 28. What is the remainder when 90 is divided by 31 + h + -5 + 1?
24
Suppose -703 = -5*x + 6*l - 4*l, 0 = 2*l + 8. Calculate the remainder when 232 is divided by x.
93
Suppose -5*d + 25 = 0, 2*b = 2*d - 6 + 26. Let x be (-78)/(10 - 14 - (-44)/10). Calculate the remainder when (56/(-6))/((-754)/x + -4) is divided by b.
10
Let d(w) = 4*w**2 + 41*w + 14. Let r be d(-10). Suppose -15*s + 409 = z - 17*s, -z = -r*s - 415. Calculate the remainder when z is divided by 101.
100
Suppose -7650*y + 40795 = -7645*y. What is the remainder when y is divided by 170?
169
Calculate the remainder when 153 is divided by 2 + (-228)/(-9)*84/112.
6
What is the remainder when 278 is divided by (-15)/2*-12 + (48 - (62 + -16))?
2
Suppose 9*f + 17*f + 4836 = 0. Let q = 205 + f. What is the remainder when 377 is divided by q?
16
Let f(x) = 12*x - 14 - x - 6*x. Let r be f(4). Suppose -136 + 46 = -r*g. What is the remainder when 42 is divided by g?
12
Let v(g) = g**3 - 35*g**2 - 66*g - 957. What is the remainder when v(38) is divided by 851?
16
Let p be (-1 - 8/(-3))/((-115)/(-138)). Let n(u) = 3*u**3 + 2*u**2 - 2*u - 4. What is the remainder when 116 is divided by n(p)?
20
Let t(u) = 17*u**2 + 1. Suppose -2*b = -175*k + 178*k - 201, -3*k - b + 198 = 0. What is the remainder when k is divided by t(1)?
11
What is the remainder when 70/(-28)*((-4)/10)/(16/5664) is divided by 30?
24
Suppose -104*t + 17*t + 6351 = 0. Let p(l) = -15*l - 86. What is the remainder when t is divided by p(-6)?
1
Suppose -4*z = -110 - 122. Let l = z - 59. Calculate the remainder when 15 is divided by l*(-18)/2*(-1)/(-3).
0
Suppose -2*j + 1111 = -5*a + 241, 5*j - 4*a = 2175. Suppose 8*y - j = -67. Calculate the remainder when y is divided by 19.
8
Let i(c) = 3*c**2 - 18*c + 19. Suppose -5*d + 10 = 0, 46 = 5*p - 0*d + 3*d. What is the remainder when 333 is divided by i(p)?
65
Suppose 6*k = 2*p + 2*k - 54, -1 = -k. What is the remainder when p is divided by 2/(-14)*((-19 - -3) + 33 - 94)?
7
Suppose 0 = 22*a - 19*a - 204. Suppose 2*c 